of 2520 and 21.
21
Calculate the highest common divisor of 88 and 7458.
22
Calculate the greatest common divisor of 504 and 315.
63
Calculate the highest common divisor of 54 and 165.
3
What is the highest common factor of 20 and 340?
20
Calculate the greatest common factor of 7810 and 426.
142
What is the highest common divisor of 7047 and 174?
87
What is the greatest common factor of 7 and 448?
7
Calculate the highest common factor of 834 and 24.
6
What is the highest common divisor of 6126 and 48?
6
Calculate the greatest common divisor of 114 and 646.
38
Calculate the highest common factor of 235 and 2397.
47
Calculate the greatest common divisor of 52 and 962.
26
What is the highest common divisor of 209 and 187?
11
Calculate the greatest common factor of 133 and 42161.
133
Calculate the highest common divisor of 170 and 21760.
170
What is the greatest common divisor of 1917 and 135?
27
What is the greatest common factor of 86 and 215?
43
Calculate the highest common divisor of 1377 and 119.
17
Calculate the greatest common divisor of 434 and 186.
62
Calculate the greatest common factor of 462 and 24.
6
What is the highest common divisor of 96 and 352?
32
What is the highest common factor of 715 and 65?
65
Calculate the greatest common divisor of 3378 and 6.
6
Calculate the highest common divisor of 365 and 255.
5
What is the highest common divisor of 15 and 3295?
5
Calculate the highest common factor of 323 and 57.
19
Calculate the highest common factor of 124 and 51398.
62
Calculate the highest common factor of 594 and 1122.
66
Calculate the greatest common factor of 533 and 403.
13
Calculate the highest common divisor of 38582 and 191.
191
What is the highest common divisor of 380 and 10?
10
What is the greatest common factor of 1215 and 720?
45
What is the highest common divisor of 96520 and 95?
95
Calculate the greatest common factor of 34 and 1666.
34
Calculate the highest common divisor of 116 and 4.
4
Calculate the greatest common factor of 1045 and 165.
55
Calculate the highest common factor of 40 and 168.
8
Calculate the highest common factor of 684 and 60.
12
What is the highest common factor of 24 and 216?
24
What is the greatest common factor of 294 and 2688?
42
Calculate the highest common factor of 26 and 234.
26
What is the greatest common factor of 66 and 1056?
66
What is the greatest common divisor of 30 and 330?
30
What is the greatest common factor of 60 and 36?
12
What is the highest common factor of 8344 and 28?
28
What is the highest common divisor of 6 and 16428?
6
Calculate the highest common divisor of 2304 and 72.
72
What is the greatest common factor of 82 and 4?
2
Calculate the highest common factor of 6 and 44124.
6
What is the greatest common divisor of 2343 and 66?
33
Calculate the highest common divisor of 9 and 20754.
9
Calculate the highest common divisor of 47 and 6157.
47
Calculate the greatest common divisor of 390 and 30.
30
What is the highest common divisor of 1600 and 50?
50
What is the highest common divisor of 48 and 2?
2
What is the greatest common factor of 90 and 63?
9
Calculate the highest common factor of 360 and 25.
5
What is the highest common factor of 216 and 78840?
216
Calculate the highest common factor of 161 and 35.
7
Calculate the highest common divisor of 42 and 154.
14
Calculate the greatest common factor of 544 and 221.
17
What is the greatest common factor of 21 and 5103?
21
Calculate the highest common factor of 60 and 210.
30
Calculate the highest common divisor of 72 and 5058.
18
What is the greatest common factor of 44 and 22528?
44
What is the highest common factor of 32 and 28128?
32
Calculate the highest common divisor of 70 and 20524.
14
What is the highest common divisor of 8672 and 128?
32
What is the greatest common divisor of 608 and 19?
19
What is the highest common factor of 1144 and 130?
26
Calculate the highest common factor of 203 and 667.
29
Calculate the highest common divisor of 126 and 1974.
42
Calculate the greatest common divisor of 1875 and 60.
15
Calculate the highest common factor of 147 and 3213.
21
What is the greatest common divisor of 36 and 6615?
9
Calculate the greatest common divisor of 336 and 294.
42
What is the highest common divisor of 104 and 13?
13
Calculate the greatest common divisor of 15 and 7.
1
What is the highest common divisor of 17 and 2176?
17
What is the greatest common factor of 506 and 46?
46
Calculate the greatest common factor of 992 and 62.
62
What is the greatest common divisor of 10 and 1600?
10
What is the greatest common factor of 129 and 39?
3
Calculate the greatest common divisor of 144 and 2256.
48
What is the highest common divisor of 63053 and 17?
17
What is the greatest common factor of 74 and 11026?
74
Calculate the highest common factor of 24 and 12.
12
What is the highest common divisor of 481 and 286?
13
Calculate the highest common divisor of 11079 and 27.
9
Calculate the greatest common factor of 495 and 135.
45
Calculate the greatest common factor of 275 and 880.
55
Calculate the greatest common divisor of 4 and 12.
4
Calculate the highest common divisor of 990 and 22.
22
Calculate the greatest common factor of 2208 and 575.
23
Calculate the highest common divisor of 144 and 9.
9
Calculate the highest common factor of 35 and 4123.
7
Calculate the highest common divisor of 5994 and 324.
162
Calculate the highest common divisor of 60 and 4812.
12
What is the highest common divisor of 26936 and 259?
259
Calculate the greatest common factor of 165 and 132.
33
What is the highest common divisor of 1782 and 22?
22
Calculate the highest common divisor of 36 and 711.
9
What is the highest common factor of 6 and 58?
2
What is the highest common divisor of 243 and 3?
3
Calculate the greatest common divisor of 1156 and 68.
68
Calculate the highest common divisor of 1073 and 464.
29
Calculate the greatest common factor of 3 and 7.
1
What is the greatest common divisor of 2960 and 152?
8
What is the greatest common factor of 48 and 3904?
16
What is the highest common divisor of 121 and 143?
11
Calculate the highest common factor of 34 and 68.
34
What is the greatest common factor of 2755 and 290?
145
What is the highest common divisor of 6738 and 18?
6
Calculate the greatest common factor of 25 and 3275.
25
What is the highest common divisor of 16 and 1168?
16
What is the highest common divisor of 266 and 98?
14
Calculate the greatest common factor of 2 and 50.
2
What is the greatest common divisor of 378 and 14?
14
Calculate the highest common factor of 7736 and 32.
8
What is the highest common factor of 168 and 4137?
21
Calculate the highest common divisor of 266 and 784.
14
Calculate the greatest common factor of 107 and 2033.
107
What is the highest common factor of 496 and 18228?
124
What is the greatest common divisor of 194 and 3201?
97
Calculate the greatest common factor of 12 and 90012.
12
What is the highest common factor of 114 and 57?
57
Calculate the greatest common factor of 212 and 124.
4
What is the highest common factor of 265 and 848?
53
Calculate the greatest common factor of 69 and 989.
23
Calculate the greatest common divisor of 44 and 20064.
44
Calculate the highest common factor of 81 and 45.
9
What is the greatest common divisor of 640 and 280?
40
Calculate the greatest common factor of 1320 and 4884.
132
What is the greatest common factor of 39 and 676?
13
Calculate the greatest common factor of 14 and 2058.
14
Calculate the greatest common factor of 88 and 99.
11
What is the highest common factor of 364 and 1274?
182
What is the highest common divisor of 5933 and 17?
17
Calculate the highest common factor of 2187 and 54.
27
Calculate the greatest common factor of 1422 and 36.
18
Calculate the greatest common divisor of 174 and 24.
6
Calculate the highest common factor of 344 and 1290.
86
What is the highest common divisor of 24 and 16?
8
Calculate the greatest common factor of 43 and 3870.
43
What is the greatest common divisor of 27 and 81?
27
What is the highest common divisor of 156 and 780?
156
Calculate the highest common divisor of 20 and 32.
4
Calculate the highest common divisor of 65 and 832.
13
What is the highest common factor of 59 and 472?
59
What is the highest common factor